-28). Let k = p - -69. What is the units digit of o(k)?
1
Let h(n) be the third derivative of n**4/2 + 4*n**3/3 - 63*n**2. What is the units digit of h(3)?
4
Let x = -8863 + 19683. What is the thousands digit of x?
0
Let z(l) = -31*l + 32281. What is the ten thousands digit of z(0)?
3
Suppose 12*q - 19921 = 25091. Suppose -3*i - q = -4*h, -3*i = 2*h - 1081 - 790. What is the hundreds digit of h?
9
Let l(p) = p**2 + p - 1. Let b be l(-6). Let a = 29 - b. Suppose a = -5*d - 4*m + 255, 0 = -0*m + m. What is the tens digit of d?
5
Suppose 7*d + 1352 = 9*d. Suppose -2*k + 575 = -t - d, 25 = 5*t. What is the units digit of k?
8
Let d = 2538 - 1159. What is the hundreds digit of d?
3
What is the hundreds digit of 11304 + 150/((-120)/8)?
2
Let h = -882 - -7697. What is the thousands digit of h?
6
What is the units digit of 356*(47 - (7 - 1))?
6
Let f(j) = 8*j**2 + 67*j + 1138. What is the tens digit of f(-44)?
7
Let p = 23 + -21. Let r = 168 - p. Suppose -6*i + r = -146. What is the tens digit of i?
5
Suppose 2*g + 75*z - 80*z - 3760 = 0, -5*z + 1865 = g. What is the thousands digit of g?
1
Let i(u) be the second derivative of 0 + 22*u + 19/6*u**3 + 1/6*u**4 + 17/2*u**2. What is the hundreds digit of i(-14)?
1
What is the hundreds digit of 3447/(-2)*(-232)/18?
2
Let x(w) = 190*w + 15015. What is the units digit of x(8)?
5
What is the tens digit of -2*(-28647)/9 - -1?
6
Suppose 3*j = -l + 467 + 291, 0 = 5*j - 2*l - 1267. Suppose 126 = 7*q - 6*q. Let x = j - q. What is the hundreds digit of x?
1
Let a(q) = 1954*q**2 + 14*q + 11. What is the units digit of a(4)?
1
Let l(p) = p**3 + 4*p**2 - 4. Let t be l(4). Suppose 3*r = -32 + 254. Let x = t - r. What is the units digit of x?
0
Let p be ((-6734)/(-4))/(16/32). Suppose -7*t + p + 3871 = 0. What is the tens digit of t?
3
Let u be (-210)/55 - (-1)/22*-4. Let d(h) = h**3 + 4*h**2 - 3*h - 10. Let w be d(u). Suppose 21 = w*p - 67. What is the units digit of p?
4
Suppose -m + 41*g + 45 = 37*g, g = -m + 25. What is the units digit of -1 + (-1872)/(-2) - 174/m?
9
Suppose -9*n + 2*n = -70. Suppose -n = -j - 3. Let x = j - -48. What is the units digit of x?
5
Let f(r) = r**2 + 7*r + 54. Let t be f(23). Suppose 0 = -3*j + 4*k + 558, -4*j - 12*k + 11*k = -t. What is the tens digit of j?
8
Let q(p) be the first derivative of 11 + 6*p + 1/3*p**3 - 6*p**2. What is the tens digit of q(-7)?
3
Suppose -2*m + 10 = 0, 2*m + 10 = l + 3*l. Suppose -3*w - w + z + 5010 = 0, -l*w = 4*z - 6273. What is the units digit of w?
3
Let z be ((-12)/14)/(208/56 + -4). Suppose -1640 = -2*v + 5*r - z*r, -2495 = -3*v - 4*r. What is the tens digit of v?
2
Let s = -42200 + 79210. What is the units digit of s?
0
Let t be (-61)/10 - (9 - 0)/(-90). Let l(f) = -137*f + 243. What is the units digit of l(t)?
5
Suppose 4*c + 3 - 39 = -4*p, -2*p = c - 14. Let i be (-2)/(-5) + -6*p/75. Suppose -5*v = -5, 4*r + i*v + 2*v = 822. What is the hundreds digit of r?
2
Suppose 41*h - 713830 = 177141. What is the ten thousands digit of h?
2
Let s(x) = -16*x - 6 - 20*x - 84*x**3 + 42*x + 4*x**2. What is the tens digit of s(-2)?
7
Suppose 0 = -71*n + 13*n + 284954. What is the tens digit of n?
1
Suppose 2*u - 4 = 0, 5*o - 48252 = -u + 20305. What is the thousands digit of o?
3
Let t = 77 - 81. What is the hundreds digit of 5 + 910 - (t + 5)?
9
Let k = 3790 + -18. What is the hundreds digit of k?
7
What is the thousands digit of (6*555/(-180))/((-1)/428)?
7
Let b(d) = -d**2 + 7 + 3*d - 4*d + 2*d**3 - 5 - 7. Let t be b(0). What is the tens digit of ((-4)/t)/((-24)/(-540))?
1
Let w(k) = -k**2 - k + 8. Let s be w(-3). Let p(o) = -8*o - 30*o**s + 3 + o**3 + 18*o**2 + 20*o**2. What is the tens digit of p(-6)?
2
Let m(c) = 2368*c**2 + 162*c + 616. What is the tens digit of m(-4)?
5
Let v = 5 + -1. Suppose 4*x - v = 2*x. Let d(a) = 4*a - 7. What is the units digit of d(x)?
1
Suppose 0 = 4*g + 4*d - 202172, 134565 = 6*g + d - 168688. What is the hundreds digit of g?
5
Suppose -4175807 - 1187581 = -79*h - 557*h. What is the hundreds digit of h?
4
Let a(y) be the third derivative of -5/8*y**4 - 7*y**2 + 0*y + 11/6*y**3 + 0. What is the units digit of a(-3)?
6
Let w(s) = 78*s - 41. Let r be w(28). Let l = r - 1192. What is the hundreds digit of l?
9
Let m be (-572)/(-39) + 1/3. Let l be m*(-1 + (-20)/(-15)). What is the tens digit of l + -2 + 145 + -1?
4
Let j = -231 - -231. Suppose -4*y + 0*y + 2300 = j. What is the units digit of y?
5
Let k(y) = -17*y - 11. Let w(x) = x**3 + 5*x**2 + 7*x + 1. Let g be w(-3). What is the units digit of k(g)?
3
Let g(v) be the third derivative of -v**5/60 - 5*v**4/6 - 4*v**3/3 + 8*v**2. Let t be g(-15). Let u = t + -43. What is the units digit of u?
4
Let f = -85 - -3253. Let u = -1460 + f. What is the hundreds digit of u?
7
What is the tens digit of ((-1472)/2)/((-5083)/(-170) + -30)?
6
Suppose -33*s - 3*m = -34*s - 8, 3*m - 28 = -4*s. Let t be 3084/14 - (-2)/(-7). Suppose t = s*u - 364. What is the units digit of u?
6
Let x(r) = 2*r**2 + r - 13. Let t be x(-7). Let c = -101 + t. Let n = c + 56. What is the tens digit of n?
3
Let d(z) = z**2 - 9*z - 9. Suppose 2*u = -2*m + 18, -5*u - 2*m = -88 + 34. Let f be d(u). What is the units digit of 1/((-51)/f + 2)?
9
Let x(j) = 57*j**2 + 8*j - 55. Let k be x(5). Let l = -956 + k. What is the tens digit of l?
5
Suppose 37*c = 41*c - 2*h - 59592, -c + 14912 = 3*h. What is the units digit of c?
0
Let j be (1/(-3))/((-17)/255). Suppose 0 = -11*b - j*b + 64. What is the units digit of b/(-2)*(-380)/8?
5
Suppose 218495 = 67*m - 149134. What is the tens digit of m?
8
Suppose -3*o = 5*h - 265, -2*h + 169 - 52 = -o. Suppose 10*b + 525 = -5*b. Let d = h - b. What is the tens digit of d?
9
Let v(g) = -4*g**3 + 10*g**2 - 10*g - 3. Let c(r) = -5*r**3 + 10*r**2 - 10*r - 3. Let k(z) = 2*c(z) - 3*v(z). What is the tens digit of k(7)?
6
Let o = -6466 - -11642. What is the units digit of o?
6
Let n = -4468 - -6192. What is the hundreds digit of n?
7
Suppose -4*h + 74 = -258. Suppose 72 = o - h. What is the hundreds digit of o?
1
Let t = -3969 + 49775. What is the tens digit of t?
0
Let b = 295 + -291. Suppose 0 = -2*a - b*f + 1881 - 657, 2*a = -3*f + 1225. What is the tens digit of a?
1
Let n(q) = q**3 + 67*q**2 - 107*q + 1285. What is the tens digit of n(-65)?
9
Let g(f) = 1281*f - 1623. What is the hundreds digit of g(8)?
6
Let p(f) = -f**3 + 24*f**2 + 13*f - 35. Let j be p(23). What is the units digit of (11 + -8)*j/3?
3
Let x(t) = t**3 + 12*t**2 + 4*t + 11. Let c be 110/40 - 1/(2 + -6). Let g = c - 13. What is the units digit of x(g)?
1
Let f = -3675 + 43636. What is the hundreds digit of f?
9
Let b(j) be the first derivative of 19*j**3/3 - 5*j**2/2 + 6*j + 4. Let o be b(3). Suppose -2*x = x - o. What is the units digit of x?
4
Suppose -57683*y + 57669*y + 280672 = 0. What is the hundreds digit of y?
0
Suppose -2*n = -5*k + 48390, -32*n + 33*n - 19365 = -2*k. What is the tens digit of k?
8
Suppose -56 = 4*z - 132. Suppose -b + 8 + 26 = 4*c, -4*b = 3*c - z. What is the units digit of c?
9
Let s(n) = -n**3 + 7*n**2 - 20*n + 51. Let d be s(3). Let w = d + 1212. What is the thousands digit of w?
1
Suppose -1328024 = -101*s + 446041. What is the tens digit of s?
6
Let n = 5508 + -4619. What is the tens digit of n?
8
Suppose -16*m + 17*m - 12010 = 0. What is the ten thousands digit of m?
1
Suppose 0 = 41*g - 17*g - 96. Suppose m = z - 1321, 9*z - 12*z + 3968 = -g*m. What is the hundreds digit of z?
3
Suppose 0 = 11*a - 221778 + 85411. What is the units digit of a?
7
Let i(k) = 10*k**3 - 2*k**2 + 2*k - 1. Let a be i(2). Suppose -216 = -3*w - 3*w. What is the units digit of a + (6/27 - 80/w)?
3
Suppose -332*o - 4924192 + 9354506 = -7686026. What is the tens digit of o?
9
Suppose 3*d - 1 = -5*w + 4, 0 = 3*w + 6. Suppose 5*q = -0*q - d. What is the hundreds digit of (107 + -1 - 4)*(q + 2)?
1
Let z be (-2)/8 - (-10)/40. Suppose 33*m + 19*m - 2496 = z. What is the units digit of m?
8
Suppose -43885 = 66*s - 71*s. Suppose 26*p = s + 29131. What is the hundreds digit of p?
4
Let d be ((-10)/(-2) - -6) + -2. Let w(b) = 36*b + 118. What is the hundreds digit of w(d)?
4
Let k = -569 - -574. Suppose 3*y + 42 = 2*v + y, -y = -5*v + 125. Suppose v = -k*x + 131. What is the units digit of x?
1
Suppose 7388 + 34570 = 21*g. What